of 0 + 4/3*f**3 - 1/60*f**5 + 0*f + 1/6*f**r + f**2. Give x(6).
-4
Let w(p) = -p**2 + 4*p + 2. Let c be w(5). Let n(k) = -k**3 - 3*k**2 - k. Determine n(c).
3
Let h(x) = 3 - 3 + x**2 - 2 - 2*x. Let f(k) be the second derivative of -k**4/6 + k**3/3 + k**2 - 4*k. Let b be f(2). Determine h(b).
6
Let c(b) = -2*b + 8. Let j be c(6). Let i(m) = -m**3 - 4*m**2 - 3*m - 6. Let h be i(j). Let k(o) = o - 11. Calculate k(h).
-5
Let m(c) be the first derivative of -3*c**4/4 + 2*c**3/3 - c - 1. Suppose 3*r - 8*r + 5 = 0. What is m(r)?
-2
Let r(v) = 5*v**3 - 8*v**2 + 3*v. Let g(x) = -14*x**3 + 23*x**2 - 9*x + 1. Let m(o) = 4*g(o) + 11*r(o). Determine m(3).
4
Let f(q) = -q + 5*q - q**2 + 2*q + 6. Suppose x + 2 = -0*x - 2*v, 3*x = -2*v - 10. Let o be 3/(30/x)*-15. Calculate f(o).
6
Let a(i) = 12*i**2. Suppose 4*h + 4 = -4*x + 2*h, -5*x - 2*h - 6 = 0. Let o be x/4*(-2)/(-1). Calculate a(o).
12
Suppose -5*v + 50 = u, -4*u + 4 = 24. Let b(n) = -n + 17. What is b(v)?
6
Suppose -3*x = -7*x + 24. Let r = 9 - x. Let v(w) = -2*w + r - 3*w + 4*w. Determine v(5).
-2
Let d(q) = 123*q**3 - 38*q**3 + 3*q**2 - 42*q**3 - 5 - 5*q - 42*q**3. What is d(-4)?
-1
Let k(b) = -3*b + 1. Suppose -3*y - 8 = 1. Let n(g) = g. Let f be n(y). Determine k(f).
10
Let f(n) be the first derivative of -n**5/20 - n**4/3 - n**3/6 + n**2/2 - 6*n + 8. Let d(c) be the first derivative of f(c). Calculate d(-4).
5
Let y(q) = q**3 - 5*q**2 - 4*q + 3. Suppose -6*m + 9 = -27. Determine y(m).
15
Suppose 4*p = -9 + 21. Let w(n) = n + 1. What is w(p)?
4
Let d(s) be the first derivative of 5 - s - s**2 + 0*s**3 + 1/4*s**4. Calculate d(-2).
-5
Suppose -4*t - 4*t = 16. Let u(i) = -3*i**2 - 4*i - 3. What is u(t)?
-7
Let p(s) = s - 9. Suppose 2*g + 2*v - 30 = -3*g, -3*g - 5*v + 18 = 0. Determine p(g).
-3
Let b(j) = 4*j**2 + 1. Suppose 4*c = -4 - 4. Let p be c/(2 - 4 - -4). Calculate b(p).
5
Let f(t) = -t**3 + 15*t**2 - 25*t - 8. Let m be f(13). Let x(w) = -w**3 + 6*w**2 - w - 2. Determine x(m).
18
Let t(q) = -7*q + 8. Let w(p) = -8*p + 9. Let c be 7*(2 - -1)/(-3). Let i(g) = c*t(g) + 6*w(g). Let z be ((-3)/9)/((-2)/12). Determine i(z).
0
Let c(y) be the first derivative of 1/20*y**5 + 4 + 2*y - 1/3*y**3 + 1/2*y**2 - 1/6*y**4. Let b(h) be the first derivative of c(h). Give b(2).
-3
Suppose 0 = -g + 9 + 1. Let a(b) = b - 12. Calculate a(g).
-2
Let n(j) = j**3 - 7*j**2 - j - 2. Let t(y) = -y**3 + 7*y**2 + 3*y - 14. Let l be t(7). Give n(l).
-9
Let z(m) be the second derivative of -m**5/20 + m**4/3 - 3*m**2/2 - 3*m - 15. Determine z(4).
-3
Let h(p) = -2*p**2 + 4*p - 3. Let j(f) = -3*f + 24. Let s be j(7). Calculate h(s).
-9
Let a(l) = 2*l - l - 6 + 0. Let t be 1 + 2 + (-3)/3. Suppose t*j + 2*j = r + 23, 2*j = -2*r + 4. What is a(j)?
-1
Let o(q) be the second derivative of -q**4/2 + 5*q**3/6 + q**2 + 2*q. Let p(v) = 5*v**2 - 4*v - 2. Let k(j) = -3*o(j) - 4*p(j). Determine k(2).
-4
Let g(b) = -8*b**2 - 7*b - 3. Let a(n) = 7*n**2 + 6*n + 3. Let i = -2 - -8. Let q(l) = i*g(l) + 7*a(l). Calculate q(3).
12
Let j = 15 - 9. Let l = j - 3. Let f(m) = -m**2 - m**2 - m**3 - 4*m - 3 - l*m**2 + m**2. Calculate f(-2).
-3
Let h(k) = -k**3 + 6*k**2 + 5*k + 6. Let o be 4/4*(7 - 0). Calculate h(o).
-8
Let q be ((-1)/1)/(28/(-8) - -3). Let v(f) = -5*f + 1. Let t(b) = 9*b - 2. Let s(i) = -2*t(i) - 5*v(i). What is s(q)?
13
Let a(t) be the second derivative of t**6/90 - t**5/120 + t**4/4 - t. Let z(h) be the third derivative of a(h). Calculate z(1).
7
Let z(v) = -v + 4. Let u be (3 - 1) + 4/(-2). Suppose 4*n + u*n + 2*h = 14, -n - h = -4. Let l be (n/(-3))/(2/(-8)). Calculate z(l).
0
Let p(i) = 3 - 34*i + i**2 - 36*i - 4 + 67*i. Calculate p(4).
3
Let m(k) = 3*k - 1 - k - k. Suppose 4*a - 1 = -21. Let l(r) = -2*r - 5. Let c be l(a). What is m(c)?
4
Let q(b) = b - 9. Suppose d - 10 + 7 = 0. Suppose 5*f + t = 5, -d*f + t + 0*t = 5. Determine q(f).
-9
Let v(r) = -r**3 - 3*r**2 + r. Let b(c) = -c**3 - 3*c**2 + c + 1. Let h(f) = -3*b(f) + 4*v(f). What is h(-3)?
-6
Let g be 1/(-2)*0 - 6. Let s(m) = -m - 2. Let j(d) = -1. Let y(w) = -6*j(w) + s(w). Let p(v) = -1. Let q(z) = g*p(z) - y(z). Calculate q(-5).
-3
Let s(c) = 3*c - 6. Suppose 0*k + 4*k = 28. Let o = -6 + k. Let n be (3/(9/15))/o. Give s(n).
9
Let g = -9 - -6. Let p(s) = 1 + 1 - 2 - 4 - 2*s + 8. Calculate p(g).
10
Let a(t) = t - 2. Let l be a(4). Suppose 5*n = -l*h + 2*n + 4, 3*n = 2*h - 4. Let d(f) = 4*f**h - 1 + 6 - 3*f**2 + f. Calculate d(0).
5
Let v be -5*(-8)/60*6. Let r(m) = -m - 1. What is r(v)?
-5
Let l(o) = -o + 6. Let g be l(4). Let k be 2 + ((-2)/g - -3). Let h(a) = a**3 - 3*a**2 - 7*a + 6. Calculate h(k).
-6
Let w(o) be the third derivative of o**5/30 + o**4/8 + o**3/6 + 10*o**2. Calculate w(-2).
3
Suppose -5*n + 23 = 3*r - 18, n = -4*r + 15. Let i be (-35)/n*(1 - 2). Let u(w) be the first derivative of -w**4/4 + 5*w**3/3 + w**2 - 6*w + 1. Determine u(i).
4
Let d(r) = r**2 - 4*r + 3. Suppose 0 = 3*q + z + 12 - 40, -5*z = -q + 36. Suppose -1 - q = -3*v. Determine d(v).
3
Let j(l) be the third derivative of l**4/12 - l**3/6 - l**2. Let q(y) = y - 8. Let p(b) = b**2 + 6*b - 1. Let i be p(-7). Let k be q(i). Determine j(k).
-5
Let u(a) = -a - 1. Suppose 0 = -0*d - 3*d - 9. Give u(d).
2
Let j(u) = u**3 + 4*u**2 - 2*u - 5. Let l be j(-4). Let x(b) = b**2 + 6*b + 1. Let k be x(-6). Let r(f) = -4 + k + f**3 - 2*f**2 - 1. Give r(l).
5
Let d(j) = -6*j**2. Suppose 4*p - 5*p = -1. Give d(p).
-6
Let t(p) be the second derivative of p**6/360 + p**5/24 - 2*p**3/3 + 5*p. Let g(h) be the second derivative of t(h). Calculate g(-4).
-4
Let q(g) be the second derivative of g**3/6 - 4*g**2 + 70*g. Let u = 1 + -1. What is q(u)?
-8
Let w(j) = 2*j**2 - 2*j - 2. Let v be w(3). Suppose 3*x + 0*k - 2 = k, -5*k = -3*x + v. Let a(z) = z**2 - z - 6. Calculate a(x).
-6
Let g(s) be the second derivative of s**4/12 + s**3/2 + 3*s**2/2 + 56*s. Give g(-3).
3
Suppose 3*t - 8 = -t. Let q(r) = -r - t*r**2 + 0*r + 3*r**2 - 2. Suppose 5*c + 4*u = c + 20, 2*c - 2*u = -10. What is q(c)?
-2
Let u(i) = -2*i**3 + 7*i**2 - 5*i. Let w(m) = m**3. Let o(p) = u(p) + w(p). Let v = 199 + -193. Give o(v).
6
Let i(c) = 6*c**3 + c. Let r(d) = -3*d - 9. Let w(t) = -4*t - 9. Let q(m) = -5*r(m) + 4*w(m). Let u be q(10). What is i(u)?
-7
Let g(i) be the first derivative of -i**2/2 + 2*i + 46. What is g(2)?
0
Let k be ((-14)/(-35))/(2/10). Let f(d) = k*d + 4*d - d + d**2 + 3 - 2. Determine f(-4).
-3
Let s(f) = 4*f - 23. Let j be s(7). Let x(r) = r - 10. Determine x(j).
-5
Let t(x) = 11*x**3 + 9*x + 11. Let r(k) = 5*k**3 + 4*k + 5. Let a(w) = -13*r(w) + 6*t(w). Suppose 4*c = 10 - 2. Suppose 4*v + c = -2. What is a(v)?
-2
Suppose -2*c + 10 = 3*s, -3*c = -s - 2 - 2. Suppose z = -c*z + 12. Let h be 1/(1/z)*-1. Let k(g) = -g**3 - 5*g**2 - 3*g + 1. Determine k(h).
-3
Suppose t - 25 = -5*d + 6*t, -3*d = 2*t - 10. Suppose 2*w = -0 + d. Let h(y) = -2 - 2*y + 3*y + 2*y**w - 3*y + y**3. Determine h(-3).
-5
Let x(p) = p + 1. Let z = 30 + -21. Suppose z = -3*c - 6. Determine x(c).
-4
Let b = 44 + -40. Let a = 4 + -2. Suppose a = p + b. Let q(y) = -y**2 - 2*y - 1. Determine q(p).
-1
Let i(g) be the third derivative of -g**6/120 + 3*g**5/20 + 11*g**4/24 - 2*g**3 - 28*g**2. Determine i(10).
-2
Suppose -2*r + 4*y = 8, 1 = -3*r - 2*y - 3. Let w(o) = o. Let k(b) = -b**2 + 2*b - 2. Let z(f) = r*w(f) - k(f). Calculate z(3).
-1
Let b = -8 - -3. Let w = b + 1. Let v(u) be the third derivative of u**6/120 + u**5/12 + u**4/12 - u**3/3 + u**2. Give v(w).
6
Let c(y) be the first derivative of 3*y**2/2 + y - 7. Let a be (2/(-5))/(3/(-15)). Calculate c(a).
7
Let p(f) be the first derivative of -f**3/3 + 9*f**2/2 - 6*f - 9. Calculate p(7).
8
Let u(h) = -5 + 0*h**3 + 2 - 1 - h**3 - 5*h**2 - 7*h. Let t(m) = m**3 - 3. Let z be t(0). Let g be ((-1)/(-1))/(z/12). Give u(g).
8
Suppose -x - 6 + 1 = -2*s, -s - 1 = 3*x. Suppose -2*r = d - 5, 2*r - d - 2*d = 17. Let b(j) = r*j + 4*j - 3*j**2 - 6*j + 2*j**3 - 2. Calculate b(s).
6
Let z(r) = 0*r + 0*r + r - 9 + 8. Calculate z(1).
0
Let p(v) = -2*v + 9. Let h be (2/(-3))/((-6)/54). What is p(h)?
-3
Let f(y) = -y**3 - 4*y - 3. Let p(c) = c**3 + 5*c + 4. Let z(w) = 4*f(w) + 3*p(w). Give z(-2).
10
Let j(a) = 5 - a**3 - 3*a + 2 - a**2 + 7*a**2. Determine j(6).
-11
Let o(n) be the third derivative of -n**5/20 - 5*n**4/24 - n